{"id":11,"date":"2021-07-09T13:20:47","date_gmt":"2021-07-09T11:20:47","guid":{"rendered":"http:\/\/www.benyao.fr\/?page_id=11"},"modified":"2024-08-26T11:49:22","modified_gmt":"2024-08-26T09:49:22","slug":"medecine-traditionnelle-chinoise-lozere-aveyron","status":"publish","type":"page","link":"https:\/\/www.benyao.fr\/","title":{"rendered":"Benoit Bianciotto \u2014 Praticien en M\u00e9decine Traditionnelle Chinoise"},"content":{"rendered":"\n<figure class=\"wp-block-gallery has-nested-images columns-default is-cropped wp-block-gallery-1 is-layout-flex wp-block-gallery-is-layout-flex\">\n<figure class=\"wp-block-image size-full\"><img data-recalc-dims=\"1\" loading=\"lazy\" decoding=\"async\" width=\"750\" height=\"499\" data-id=\"175\" src=\"https:\/\/i0.wp.com\/www.benyao.fr\/wp-content\/uploads\/2022\/04\/Photo-Plantes-01.jpg?resize=750%2C499&#038;ssl=1\" alt=\"\" class=\"wp-image-175\" srcset=\"https:\/\/i0.wp.com\/www.benyao.fr\/wp-content\/uploads\/2022\/04\/Photo-Plantes-01.jpg?w=960&amp;ssl=1 960w, https:\/\/i0.wp.com\/www.benyao.fr\/wp-content\/uploads\/2022\/04\/Photo-Plantes-01.jpg?resize=300%2C200&amp;ssl=1 300w, https:\/\/i0.wp.com\/www.benyao.fr\/wp-content\/uploads\/2022\/04\/Photo-Plantes-01.jpg?resize=768%2C511&amp;ssl=1 768w\" sizes=\"auto, (max-width: 750px) 100vw, 750px\" \/><\/figure>\n\n\n\n<figure class=\"wp-block-image size-full\"><img data-recalc-dims=\"1\" loading=\"lazy\" decoding=\"async\" width=\"750\" height=\"450\" data-id=\"177\" src=\"https:\/\/i0.wp.com\/www.benyao.fr\/wp-content\/uploads\/2022\/04\/Massage-Tuina-01.jpg?resize=750%2C450&#038;ssl=1\" alt=\"\" class=\"wp-image-177\" srcset=\"https:\/\/i0.wp.com\/www.benyao.fr\/wp-content\/uploads\/2022\/04\/Massage-Tuina-01.jpg?w=1001&amp;ssl=1 1001w, https:\/\/i0.wp.com\/www.benyao.fr\/wp-content\/uploads\/2022\/04\/Massage-Tuina-01.jpg?resize=300%2C180&amp;ssl=1 300w, https:\/\/i0.wp.com\/www.benyao.fr\/wp-content\/uploads\/2022\/04\/Massage-Tuina-01.jpg?resize=768%2C460&amp;ssl=1 768w\" sizes=\"auto, (max-width: 750px) 100vw, 750px\" \/><\/figure>\n\n\n\n<figure class=\"wp-block-image size-full\"><img data-recalc-dims=\"1\" loading=\"lazy\" decoding=\"async\" width=\"600\" height=\"300\" data-id=\"178\" src=\"https:\/\/i0.wp.com\/www.benyao.fr\/wp-content\/uploads\/2022\/04\/Encens.jpg?resize=600%2C300&#038;ssl=1\" alt=\"\" class=\"wp-image-178\" srcset=\"https:\/\/i0.wp.com\/www.benyao.fr\/wp-content\/uploads\/2022\/04\/Encens.jpg?w=600&amp;ssl=1 600w, https:\/\/i0.wp.com\/www.benyao.fr\/wp-content\/uploads\/2022\/04\/Encens.jpg?resize=300%2C150&amp;ssl=1 300w\" sizes=\"auto, (max-width: 600px) 100vw, 600px\" \/><\/figure>\n\n\n\n<figure class=\"wp-block-image size-full\"><img data-recalc-dims=\"1\" loading=\"lazy\" decoding=\"async\" width=\"750\" height=\"422\" data-id=\"179\" src=\"https:\/\/i0.wp.com\/www.benyao.fr\/wp-content\/uploads\/2022\/04\/Teishin.jpg?resize=750%2C422&#038;ssl=1\" alt=\"\" class=\"wp-image-179\" srcset=\"https:\/\/i0.wp.com\/www.benyao.fr\/wp-content\/uploads\/2022\/04\/Teishin.jpg?w=775&amp;ssl=1 775w, https:\/\/i0.wp.com\/www.benyao.fr\/wp-content\/uploads\/2022\/04\/Teishin.jpg?resize=300%2C169&amp;ssl=1 300w, https:\/\/i0.wp.com\/www.benyao.fr\/wp-content\/uploads\/2022\/04\/Teishin.jpg?resize=768%2C432&amp;ssl=1 768w\" sizes=\"auto, (max-width: 750px) 100vw, 750px\" \/><\/figure>\n\n\n\n<figure class=\"wp-block-image size-full\"><img data-recalc-dims=\"1\" loading=\"lazy\" decoding=\"async\" width=\"599\" height=\"402\" data-id=\"180\" src=\"https:\/\/i0.wp.com\/www.benyao.fr\/wp-content\/uploads\/2022\/04\/Shinetsekyu.jpg?resize=599%2C402&#038;ssl=1\" alt=\"\" class=\"wp-image-180\" srcset=\"https:\/\/i0.wp.com\/www.benyao.fr\/wp-content\/uploads\/2022\/04\/Shinetsekyu.jpg?w=599&amp;ssl=1 599w, https:\/\/i0.wp.com\/www.benyao.fr\/wp-content\/uploads\/2022\/04\/Shinetsekyu.jpg?resize=300%2C201&amp;ssl=1 300w\" sizes=\"auto, (max-width: 599px) 100vw, 599px\" \/><\/figure>\n\n\n\n<figure class=\"wp-block-image size-full\"><img data-recalc-dims=\"1\" loading=\"lazy\" decoding=\"async\" width=\"750\" height=\"500\" data-id=\"181\" src=\"https:\/\/i0.wp.com\/www.benyao.fr\/wp-content\/uploads\/2022\/04\/Guasha.jpg?resize=750%2C500&#038;ssl=1\" alt=\"\" class=\"wp-image-181\" srcset=\"https:\/\/i0.wp.com\/www.benyao.fr\/wp-content\/uploads\/2022\/04\/Guasha.jpg?w=960&amp;ssl=1 960w, https:\/\/i0.wp.com\/www.benyao.fr\/wp-content\/uploads\/2022\/04\/Guasha.jpg?resize=300%2C200&amp;ssl=1 300w, https:\/\/i0.wp.com\/www.benyao.fr\/wp-content\/uploads\/2022\/04\/Guasha.jpg?resize=768%2C512&amp;ssl=1 768w\" sizes=\"auto, (max-width: 750px) 100vw, 750px\" \/><\/figure>\n\n\n\n<figure class=\"wp-block-image size-full\"><img data-recalc-dims=\"1\" loading=\"lazy\" decoding=\"async\" width=\"750\" height=\"500\" data-id=\"182\" src=\"https:\/\/i0.wp.com\/www.benyao.fr\/wp-content\/uploads\/2022\/04\/Cupping.jpg?resize=750%2C500&#038;ssl=1\" alt=\"\" class=\"wp-image-182\" srcset=\"https:\/\/i0.wp.com\/www.benyao.fr\/wp-content\/uploads\/2022\/04\/Cupping.jpg?w=960&amp;ssl=1 960w, https:\/\/i0.wp.com\/www.benyao.fr\/wp-content\/uploads\/2022\/04\/Cupping.jpg?resize=300%2C200&amp;ssl=1 300w, https:\/\/i0.wp.com\/www.benyao.fr\/wp-content\/uploads\/2022\/04\/Cupping.jpg?resize=768%2C512&amp;ssl=1 768w\" sizes=\"auto, (max-width: 750px) 100vw, 750px\" \/><\/figure>\n\n\n\n<figure class=\"wp-block-image size-large\"><img data-recalc-dims=\"1\" loading=\"lazy\" decoding=\"async\" width=\"750\" height=\"500\" data-id=\"183\" src=\"https:\/\/i0.wp.com\/www.benyao.fr\/wp-content\/uploads\/2022\/04\/Bols-Tibetain.jpg?resize=750%2C500&#038;ssl=1\" alt=\"\" class=\"wp-image-183\" srcset=\"https:\/\/i0.wp.com\/www.benyao.fr\/wp-content\/uploads\/2022\/04\/Bols-Tibetain.jpg?resize=1024%2C683&amp;ssl=1 1024w, https:\/\/i0.wp.com\/www.benyao.fr\/wp-content\/uploads\/2022\/04\/Bols-Tibetain.jpg?resize=300%2C200&amp;ssl=1 300w, https:\/\/i0.wp.com\/www.benyao.fr\/wp-content\/uploads\/2022\/04\/Bols-Tibetain.jpg?resize=768%2C512&amp;ssl=1 768w, https:\/\/i0.wp.com\/www.benyao.fr\/wp-content\/uploads\/2022\/04\/Bols-Tibetain.jpg?w=1350&amp;ssl=1 1350w\" sizes=\"auto, (max-width: 750px) 100vw, 750px\" \/><\/figure>\n\n\n\n<figure class=\"wp-block-image size-full\"><img data-recalc-dims=\"1\" loading=\"lazy\" decoding=\"async\" width=\"750\" height=\"500\" data-id=\"184\" src=\"https:\/\/i0.wp.com\/www.benyao.fr\/wp-content\/uploads\/2022\/04\/Photo-Plantes-02.jpg?resize=750%2C500&#038;ssl=1\" alt=\"\" class=\"wp-image-184\" srcset=\"https:\/\/i0.wp.com\/www.benyao.fr\/wp-content\/uploads\/2022\/04\/Photo-Plantes-02.jpg?w=960&amp;ssl=1 960w, https:\/\/i0.wp.com\/www.benyao.fr\/wp-content\/uploads\/2022\/04\/Photo-Plantes-02.jpg?resize=300%2C200&amp;ssl=1 300w, https:\/\/i0.wp.com\/www.benyao.fr\/wp-content\/uploads\/2022\/04\/Photo-Plantes-02.jpg?resize=768%2C512&amp;ssl=1 768w\" sizes=\"auto, (max-width: 750px) 100vw, 750px\" \/><\/figure>\n\n\n\n<figure class=\"wp-block-image size-large\"><img data-recalc-dims=\"1\" loading=\"lazy\" decoding=\"async\" width=\"612\" height=\"408\" data-id=\"55\" src=\"https:\/\/i0.wp.com\/www.benyao.fr\/wp-content\/uploads\/2021\/11\/istockphoto-543084366-612x612_Moxa.jpg?resize=612%2C408&#038;ssl=1\" alt=\"\" class=\"wp-image-55\" srcset=\"https:\/\/i0.wp.com\/www.benyao.fr\/wp-content\/uploads\/2021\/11\/istockphoto-543084366-612x612_Moxa.jpg?w=612&amp;ssl=1 612w, https:\/\/i0.wp.com\/www.benyao.fr\/wp-content\/uploads\/2021\/11\/istockphoto-543084366-612x612_Moxa.jpg?resize=300%2C200&amp;ssl=1 300w\" sizes=\"auto, (max-width: 612px) 100vw, 612px\" \/><\/figure>\n\n\n\n<figure class=\"wp-block-image size-large\"><img data-recalc-dims=\"1\" loading=\"lazy\" decoding=\"async\" width=\"750\" height=\"422\" data-id=\"54\" src=\"https:\/\/i0.wp.com\/www.benyao.fr\/wp-content\/uploads\/2021\/11\/Tuina-is-the-grandmother-of-all-forms-of-massage-and-body-work-that-exist-today.jpg?resize=750%2C422&#038;ssl=1\" alt=\"\" class=\"wp-image-54\" srcset=\"https:\/\/i0.wp.com\/www.benyao.fr\/wp-content\/uploads\/2021\/11\/Tuina-is-the-grandmother-of-all-forms-of-massage-and-body-work-that-exist-today.jpg?w=930&amp;ssl=1 930w, https:\/\/i0.wp.com\/www.benyao.fr\/wp-content\/uploads\/2021\/11\/Tuina-is-the-grandmother-of-all-forms-of-massage-and-body-work-that-exist-today.jpg?resize=300%2C169&amp;ssl=1 300w, https:\/\/i0.wp.com\/www.benyao.fr\/wp-content\/uploads\/2021\/11\/Tuina-is-the-grandmother-of-all-forms-of-massage-and-body-work-that-exist-today.jpg?resize=768%2C432&amp;ssl=1 768w\" sizes=\"auto, (max-width: 750px) 100vw, 750px\" \/><\/figure>\n<\/figure>\n\n\n\n<p class=\"has-text-align-center\">Sur rendez-vous uniquement &#8211; 04 66 32 46 54<\/p>\n\n\n\n<p class=\"has-text-align-center\">3 chemin des Faous &#8211; 12560 Saint Laurent d&rsquo;Olt<\/p>\n\n\n<style type=\"text\/css\" id=\"umsMapStyles_1_8383\">\r\n    #ultimate_maps_1_8383 {\r\n        width: 100%;\r\n        height: 450px;\r\n                border: 0px solid ;\r\n        margin: 0px;\r\n    }\r\n    #mapsControlsNum_1_8383 {\r\n        width:100%    }\r\n    .umsMapDetailsContainer#umsMapDetailsContainer_1_8383 {\r\n        height:450px;\r\n    }\r\n    .ums_MapPreview#ultimate_maps_1_8383 {\r\n        \/*position:absolute;*\/\r\n        width:100%;\r\n    }\r\n    #mapConElem_1_8383{\r\n        width:100%    }\r\n    <\/style><div class=\"ums_map_opts\" id=\"mapConElem_1_8383\" data-id=\"1\" data-view-id=\"1_8383\" > <div class=\"umsMapDetailsContainer\" id=\"umsMapDetailsContainer_1_8383\"> <i class=\"umsKMLLayersPreloader fa fa-spinner fa-spin\" aria-hidden=\"true\" style=\"display: none;\"><\/i> <div class=\"ums_MapPreview \" id=\"ultimate_maps_1_8383\"><\/div> <\/div> <div class=\"umsMapMarkerFilters\" id=\"umsMapMarkerFilters_1_8383\"> <\/div> <div class=\"umsMapProControlsCon\" id=\"umsMapProControlsCon_1_8383\"> <a title=\"WP Google Maps\" style=\"display:none;\" href=\"https:\/\/supsystic.com\/plugins\/google-maps-plugin\/?utm_medium=love_link_hide\" target=\"_blank\">WP Google Maps<\/a><div style=\"clear: both;\"><\/div> <\/div> <div class=\"umsMapProDirectionsCon\" id=\"umsMapProDirectionsCon_1_8383\" > <\/div> <div class=\"umsMapProKmlFilterCon\" id=\"umsMapProKmlFilterCon_1_8383\" > <\/div> <div class=\"umsSocialSharingShell umsSocialSharingShell_1_8383\"> <\/div> <div style=\"clear: both;\"><\/div> <\/div>\n\n\n\n<ul class=\"wp-block-list\">\n<li><strong>Coordonn\u00e9es GPS<\/strong> Standard : <a href=\"44.424624194222,3.1158900225932\" target=\"_blank\" rel=\"noreferrer noopener nofollow\">geo:44.424624194222,3.1158900225932<\/a>,<\/li>\n\n\n\n<li>Pour un guidage sur <strong>Google Map<\/strong> : <a href=\"https:\/\/goo.gl\/maps\/j7uXbdahcp5dhwmX6\" target=\"_blank\" rel=\"noreferrer noopener\">https:\/\/goo.gl\/maps\/j7uXbdahcp5dhwmX6<\/a><\/li>\n<\/ul>\n\n\n\n<h3 class=\"wp-block-heading\">Horaires<\/h3>\n\n\n\n<p>Je re\u00e7ois sur rendez-vous uniquement, principalement les <strong>lundi<\/strong>, <strong>mercredi<\/strong> et <strong>vendredi<\/strong>, <strong>de 9h30 \u00e0 18h30<\/strong>.<br>Pour tout autre cr\u00e9neau \u00e9ventuel, merci d&rsquo;en faire la demande afin d&rsquo;en v\u00e9rifier la possibilit\u00e9.<\/p>\n\n\n\n<h3 class=\"wp-block-heading\">Tarifs<\/h3>\n\n\n\n<ul class=\"wp-block-list\">\n<li>S\u00e9ance initiale (env. 1h30) : 85\u20ac.<\/li>\n\n\n\n<li>S\u00e9ance standard (env. 1h) : 60\u20ac.<\/li>\n<\/ul>\n\n\n\n<h3 class=\"wp-block-heading\">Mentions l\u00e9gales<\/h3>\n\n\n\n<p>\u00ab\u00a0Ces pratiques de sant\u00e9 traditionnelles ne sont aucunement assimil\u00e9es \u00e0 un acte m\u00e9dical et ne peuvent remplacer ni une consultation m\u00e9dicale, ni un suivi m\u00e9dical, ni se substituer aux traitements m\u00e9dicaux prescrits par votre m\u00e9decin. Seul votre m\u00e9decin peut d\u00e9cider de l\u2019arr\u00eat ou de la modification d\u2019un traitement m\u00e9dical.\u00a0\u00bb<\/p>\n\n\n\n<p>\u00ab\u00a0Dans le cadre de cette pratique, certaines donn\u00e9es personnelles et informations  dont vous faites part sont collect\u00e9es manuellement afin de r\u00e9pondre au mieux \u00e0 votre demande. Ces donn\u00e9es sont stock\u00e9es localement et sont uniquement destin\u00e9es au cadre professionnel. Le secret professionnel s&rsquo;y applique en tout instant. Vous disposez d&rsquo;un droit de rectification et suppression conform\u00e9ment \u00e0 la r\u00e9glementation en vigueur. \u00ab\u00a0<\/p>\n\n\n\n<p>\u201cConform\u00e9ment aux articles L.616-1 et R.616-1 du code de la consommation, nous proposons un dispositif de m\u00e9diation de la consommation. L\u2019entit\u00e9 de m\u00e9diation retenue est : CNPM &#8211; M\u00c9DIATION DE LA CONSOMMATION. <br>En cas de litige, vous pouvez d\u00e9poser votre r\u00e9clamation sur son site : <a href=\"https:\/\/cnpm-mediation-consommation.eu\" target=\"_blank\" rel=\"noreferrer noopener\">https:\/\/cnpm-mediation-consommation.eu<\/a><br>ou par voie postale en \u00e9crivant \u00e0 : CNPM M\u00e9diation Consommation, 24 avenue de la Lib\u00e9ration 42400 Saint-Chamond\u201d<\/p>\n","protected":false},"excerpt":{"rendered":"<p>Sur rendez-vous uniquement &#8211; 04 66 32 46 54 3 chemin des Faous &#8211; 12560 Saint Laurent d&rsquo;Olt Horaires Je re\u00e7ois sur rendez-vous uniquement, principalement les lundi, mercredi et vendredi, de 9h30 \u00e0 18h30.Pour tout autre cr\u00e9neau \u00e9ventuel, merci d&rsquo;en faire la demande afin d&rsquo;en v\u00e9rifier la possibilit\u00e9. Tarifs Mentions l\u00e9gales \u00ab\u00a0Ces pratiques de sant\u00e9&hellip; <a class=\"more-link\" href=\"https:\/\/www.benyao.fr\/\">Poursuivre la lecture <span class=\"screen-reader-text\">Benoit Bianciotto \u2014 Praticien en M\u00e9decine Traditionnelle Chinoise<\/span><\/a><\/p>\n","protected":false},"author":2,"featured_media":0,"parent":0,"menu_order":0,"comment_status":"closed","ping_status":"closed","template":"","meta":{"footnotes":""},"class_list":["post-11","page","type-page","status-publish","hentry","entry"],"yoast_head":"<!-- This site is optimized with the Yoast SEO plugin v27.5 - https:\/\/yoast.com\/product\/yoast-seo-wordpress\/ -->\n<title>Benoit Bianciotto \u2014 Praticien en M\u00e9decine Traditionnelle Chinoise - Th\u00e9rapies \u00e9nerg\u00e9tiques &amp; Soins Traditionnels<\/title>\n<meta name=\"description\" content=\"Th\u00e9rapies \u00e9nerg\u00e9tiques &amp; Soins Traditionnels - Benoit Bianciotto - Praticien en M\u00e9decine Traditionnelle Chinoise. 3 chemin des Faous \u2013 12560 Saint Laurent d\u2019Olt (Aveyron). Sur Rendez-vous au 04 66 32 46 54.\" \/>\n<meta name=\"robots\" content=\"index, follow, max-snippet:-1, max-image-preview:large, max-video-preview:-1\" \/>\n<link rel=\"canonical\" href=\"https:\/\/www.benyao.fr\/\" \/>\n<meta property=\"og:locale\" content=\"fr_FR\" \/>\n<meta property=\"og:type\" content=\"article\" \/>\n<meta property=\"og:title\" content=\"Th\u00e9rapies \u00e9nerg\u00e9tiques &amp; Soins Traditionnels\" \/>\n<meta property=\"og:description\" content=\"Benoit Bianciotto - Praticien en M\u00e9decine Traditionnelle Chinoise. Le Monastier 48100 Bourgs-sur-Colagne (Loz\u00e8re). Sur Rendez-vous au 04 66 32 46 54.\" \/>\n<meta property=\"og:url\" content=\"https:\/\/www.benyao.fr\/\" \/>\n<meta property=\"og:site_name\" content=\"Th\u00e9rapies \u00e9nerg\u00e9tiques &amp; Soins Traditionnels\" \/>\n<meta property=\"article:modified_time\" content=\"2024-08-26T09:49:22+00:00\" \/>\n<meta name=\"twitter:card\" content=\"summary_large_image\" \/>\n<meta name=\"twitter:title\" content=\"Th\u00e9rapies \u00e9nerg\u00e9tiques &amp; Soins Traditionnels\" \/>\n<meta name=\"twitter:description\" content=\"Benoit Bianciotto - Praticien en M\u00e9decine Traditionnelle Chinoise. Le Monastier 48100 Bourgs-sur-Colagne (Loz\u00e8re). Sur Rendez-vous au 04 66 32 46 54.\" \/>\n<meta name=\"twitter:label1\" content=\"Dur\u00e9e de lecture estim\u00e9e\" \/>\n\t<meta name=\"twitter:data1\" content=\"4 minutes\" \/>\n<script type=\"application\/ld+json\" class=\"yoast-schema-graph\">{\"@context\":\"https:\\\/\\\/schema.org\",\"@graph\":[{\"@type\":\"WebPage\",\"@id\":\"https:\\\/\\\/www.benyao.fr\\\/\",\"url\":\"https:\\\/\\\/www.benyao.fr\\\/\",\"name\":\"Benoit Bianciotto \u2014 Praticien en M\u00e9decine Traditionnelle Chinoise - Th\u00e9rapies \u00e9nerg\u00e9tiques &amp; Soins Traditionnels\",\"isPartOf\":{\"@id\":\"https:\\\/\\\/www.benyao.fr\\\/#website\"},\"primaryImageOfPage\":{\"@id\":\"https:\\\/\\\/www.benyao.fr\\\/#primaryimage\"},\"image\":{\"@id\":\"https:\\\/\\\/www.benyao.fr\\\/#primaryimage\"},\"thumbnailUrl\":\"http:\\\/\\\/www.benyao.fr\\\/wp-content\\\/uploads\\\/2022\\\/04\\\/Photo-Plantes-01.jpg\",\"datePublished\":\"2021-07-09T11:20:47+00:00\",\"dateModified\":\"2024-08-26T09:49:22+00:00\",\"description\":\"Th\u00e9rapies \u00e9nerg\u00e9tiques & Soins Traditionnels - Benoit Bianciotto - Praticien en M\u00e9decine Traditionnelle Chinoise. 3 chemin des Faous \u2013 12560 Saint Laurent d\u2019Olt (Aveyron). Sur Rendez-vous au 04 66 32 46 54.\",\"breadcrumb\":{\"@id\":\"https:\\\/\\\/www.benyao.fr\\\/#breadcrumb\"},\"inLanguage\":\"fr-FR\",\"potentialAction\":[{\"@type\":\"ReadAction\",\"target\":[\"https:\\\/\\\/www.benyao.fr\\\/\"]}]},{\"@type\":\"ImageObject\",\"inLanguage\":\"fr-FR\",\"@id\":\"https:\\\/\\\/www.benyao.fr\\\/#primaryimage\",\"url\":\"http:\\\/\\\/www.benyao.fr\\\/wp-content\\\/uploads\\\/2022\\\/04\\\/Photo-Plantes-01.jpg\",\"contentUrl\":\"http:\\\/\\\/www.benyao.fr\\\/wp-content\\\/uploads\\\/2022\\\/04\\\/Photo-Plantes-01.jpg\"},{\"@type\":\"BreadcrumbList\",\"@id\":\"https:\\\/\\\/www.benyao.fr\\\/#breadcrumb\",\"itemListElement\":[{\"@type\":\"ListItem\",\"position\":1,\"name\":\"Accueil\",\"item\":\"https:\\\/\\\/www.benyao.fr\\\/\"},{\"@type\":\"ListItem\",\"position\":2,\"name\":\"Benoit Bianciotto \u2014 Praticien en M\u00e9decine Traditionnelle Chinoise\"}]},{\"@type\":\"WebSite\",\"@id\":\"https:\\\/\\\/www.benyao.fr\\\/#website\",\"url\":\"https:\\\/\\\/www.benyao.fr\\\/\",\"name\":\"Th\u00e9rapies \u00e9nerg\u00e9tiques &amp; Soins Traditionnels\",\"description\":\"Benoit Bianciotto --- Praticien en M\u00e9decine Traditionnelle Chinoise\",\"publisher\":{\"@id\":\"https:\\\/\\\/www.benyao.fr\\\/#organization\"},\"potentialAction\":[{\"@type\":\"SearchAction\",\"target\":{\"@type\":\"EntryPoint\",\"urlTemplate\":\"https:\\\/\\\/www.benyao.fr\\\/?s={search_term_string}\"},\"query-input\":{\"@type\":\"PropertyValueSpecification\",\"valueRequired\":true,\"valueName\":\"search_term_string\"}}],\"inLanguage\":\"fr-FR\"},{\"@type\":\"Organization\",\"@id\":\"https:\\\/\\\/www.benyao.fr\\\/#organization\",\"name\":\"Th\u00e9rapies \u00e9nerg\u00e9tiques &amp; Soins Traditionnels\",\"url\":\"https:\\\/\\\/www.benyao.fr\\\/\",\"logo\":{\"@type\":\"ImageObject\",\"inLanguage\":\"fr-FR\",\"@id\":\"https:\\\/\\\/www.benyao.fr\\\/#\\\/schema\\\/logo\\\/image\\\/\",\"url\":\"https:\\\/\\\/i0.wp.com\\\/www.benyao.fr\\\/wp-content\\\/uploads\\\/2021\\\/11\\\/BENYAO_Logo_BGYINI_Blanc_480px.png?fit=480%2C480&ssl=1\",\"contentUrl\":\"https:\\\/\\\/i0.wp.com\\\/www.benyao.fr\\\/wp-content\\\/uploads\\\/2021\\\/11\\\/BENYAO_Logo_BGYINI_Blanc_480px.png?fit=480%2C480&ssl=1\",\"width\":480,\"height\":480,\"caption\":\"Th\u00e9rapies \u00e9nerg\u00e9tiques &amp; Soins Traditionnels\"},\"image\":{\"@id\":\"https:\\\/\\\/www.benyao.fr\\\/#\\\/schema\\\/logo\\\/image\\\/\"}}]}<\/script>\n<!-- \/ Yoast SEO plugin. -->","yoast_head_json":{"title":"Benoit Bianciotto \u2014 Praticien en M\u00e9decine Traditionnelle Chinoise - Th\u00e9rapies \u00e9nerg\u00e9tiques &amp; Soins Traditionnels","description":"Th\u00e9rapies \u00e9nerg\u00e9tiques & Soins Traditionnels - Benoit Bianciotto - Praticien en M\u00e9decine Traditionnelle Chinoise. 3 chemin des Faous \u2013 12560 Saint Laurent d\u2019Olt (Aveyron). Sur Rendez-vous au 04 66 32 46 54.","robots":{"index":"index","follow":"follow","max-snippet":"max-snippet:-1","max-image-preview":"max-image-preview:large","max-video-preview":"max-video-preview:-1"},"canonical":"https:\/\/www.benyao.fr\/","og_locale":"fr_FR","og_type":"article","og_title":"Th\u00e9rapies \u00e9nerg\u00e9tiques & Soins Traditionnels","og_description":"Benoit Bianciotto - Praticien en M\u00e9decine Traditionnelle Chinoise. Le Monastier 48100 Bourgs-sur-Colagne (Loz\u00e8re). Sur Rendez-vous au 04 66 32 46 54.","og_url":"https:\/\/www.benyao.fr\/","og_site_name":"Th\u00e9rapies \u00e9nerg\u00e9tiques &amp; Soins Traditionnels","article_modified_time":"2024-08-26T09:49:22+00:00","twitter_card":"summary_large_image","twitter_title":"Th\u00e9rapies \u00e9nerg\u00e9tiques & Soins Traditionnels","twitter_description":"Benoit Bianciotto - Praticien en M\u00e9decine Traditionnelle Chinoise. Le Monastier 48100 Bourgs-sur-Colagne (Loz\u00e8re). Sur Rendez-vous au 04 66 32 46 54.","twitter_misc":{"Dur\u00e9e de lecture estim\u00e9e":"4 minutes"},"schema":{"@context":"https:\/\/schema.org","@graph":[{"@type":"WebPage","@id":"https:\/\/www.benyao.fr\/","url":"https:\/\/www.benyao.fr\/","name":"Benoit Bianciotto \u2014 Praticien en M\u00e9decine Traditionnelle Chinoise - Th\u00e9rapies \u00e9nerg\u00e9tiques &amp; Soins Traditionnels","isPartOf":{"@id":"https:\/\/www.benyao.fr\/#website"},"primaryImageOfPage":{"@id":"https:\/\/www.benyao.fr\/#primaryimage"},"image":{"@id":"https:\/\/www.benyao.fr\/#primaryimage"},"thumbnailUrl":"http:\/\/www.benyao.fr\/wp-content\/uploads\/2022\/04\/Photo-Plantes-01.jpg","datePublished":"2021-07-09T11:20:47+00:00","dateModified":"2024-08-26T09:49:22+00:00","description":"Th\u00e9rapies \u00e9nerg\u00e9tiques & Soins Traditionnels - Benoit Bianciotto - Praticien en M\u00e9decine Traditionnelle Chinoise. 3 chemin des Faous \u2013 12560 Saint Laurent d\u2019Olt (Aveyron). Sur Rendez-vous au 04 66 32 46 54.","breadcrumb":{"@id":"https:\/\/www.benyao.fr\/#breadcrumb"},"inLanguage":"fr-FR","potentialAction":[{"@type":"ReadAction","target":["https:\/\/www.benyao.fr\/"]}]},{"@type":"ImageObject","inLanguage":"fr-FR","@id":"https:\/\/www.benyao.fr\/#primaryimage","url":"http:\/\/www.benyao.fr\/wp-content\/uploads\/2022\/04\/Photo-Plantes-01.jpg","contentUrl":"http:\/\/www.benyao.fr\/wp-content\/uploads\/2022\/04\/Photo-Plantes-01.jpg"},{"@type":"BreadcrumbList","@id":"https:\/\/www.benyao.fr\/#breadcrumb","itemListElement":[{"@type":"ListItem","position":1,"name":"Accueil","item":"https:\/\/www.benyao.fr\/"},{"@type":"ListItem","position":2,"name":"Benoit Bianciotto \u2014 Praticien en M\u00e9decine Traditionnelle Chinoise"}]},{"@type":"WebSite","@id":"https:\/\/www.benyao.fr\/#website","url":"https:\/\/www.benyao.fr\/","name":"Th\u00e9rapies \u00e9nerg\u00e9tiques &amp; Soins Traditionnels","description":"Benoit Bianciotto --- Praticien en M\u00e9decine Traditionnelle Chinoise","publisher":{"@id":"https:\/\/www.benyao.fr\/#organization"},"potentialAction":[{"@type":"SearchAction","target":{"@type":"EntryPoint","urlTemplate":"https:\/\/www.benyao.fr\/?s={search_term_string}"},"query-input":{"@type":"PropertyValueSpecification","valueRequired":true,"valueName":"search_term_string"}}],"inLanguage":"fr-FR"},{"@type":"Organization","@id":"https:\/\/www.benyao.fr\/#organization","name":"Th\u00e9rapies \u00e9nerg\u00e9tiques &amp; Soins Traditionnels","url":"https:\/\/www.benyao.fr\/","logo":{"@type":"ImageObject","inLanguage":"fr-FR","@id":"https:\/\/www.benyao.fr\/#\/schema\/logo\/image\/","url":"https:\/\/i0.wp.com\/www.benyao.fr\/wp-content\/uploads\/2021\/11\/BENYAO_Logo_BGYINI_Blanc_480px.png?fit=480%2C480&ssl=1","contentUrl":"https:\/\/i0.wp.com\/www.benyao.fr\/wp-content\/uploads\/2021\/11\/BENYAO_Logo_BGYINI_Blanc_480px.png?fit=480%2C480&ssl=1","width":480,"height":480,"caption":"Th\u00e9rapies \u00e9nerg\u00e9tiques &amp; Soins Traditionnels"},"image":{"@id":"https:\/\/www.benyao.fr\/#\/schema\/logo\/image\/"}}]}},"jetpack_sharing_enabled":true,"_links":{"self":[{"href":"https:\/\/www.benyao.fr\/index.php\/wp-json\/wp\/v2\/pages\/11","targetHints":{"allow":["GET"]}}],"collection":[{"href":"https:\/\/www.benyao.fr\/index.php\/wp-json\/wp\/v2\/pages"}],"about":[{"href":"https:\/\/www.benyao.fr\/index.php\/wp-json\/wp\/v2\/types\/page"}],"author":[{"embeddable":true,"href":"https:\/\/www.benyao.fr\/index.php\/wp-json\/wp\/v2\/users\/2"}],"replies":[{"embeddable":true,"href":"https:\/\/www.benyao.fr\/index.php\/wp-json\/wp\/v2\/comments?post=11"}],"version-history":[{"count":0,"href":"https:\/\/www.benyao.fr\/index.php\/wp-json\/wp\/v2\/pages\/11\/revisions"}],"wp:attachment":[{"href":"https:\/\/www.benyao.fr\/index.php\/wp-json\/wp\/v2\/media?parent=11"}],"curies":[{"name":"wp","href":"https:\/\/api.w.org\/{rel}","templated":true}]}}